(s). What is h(3)?
-13
Let k(o) = o**3 + o**2 + 28. Let v = -616 - -616. What is k(v)?
28
Let z = 10 - 9. Let r be ((-1)/3)/z*-9. Let p(v) = v + 4. Let d(c) = -c**2 + c - 1. Let w(s) = 2*d(s) + p(s). Calculate w(r).
-7
Let t(n) = -2*n - 17. Let w be (-13)/39 - 105/9. Calculate t(w).
7
Let c(p) be the first derivative of -p**2/2 - 19*p - 7. Let r(d) = -3*d - 56. Let k(g) = 11*c(g) - 4*r(g). Calculate k(0).
15
Let y(r) be the second derivative of -29*r**5/20 - r**4/12 + r**2/2 + 31*r. Give y(-1).
29
Let t(u) be the first derivative of -u**2/2 + 4*u + 82. Determine t(5).
-1
Let o(a) = -9*a**2. Let k be 1 - 4 - (-12 - -5). Suppose k*y - 4 = -8. What is o(y)?
-9
Let l(g) = -g**3 - 7*g**2 - 16*g - 13. Let x be l(-4). Let n(k) be the first derivative of 3 - 1/3*k**x - k - 1/2*k**2. What is n(-1)?
-1
Let o be 24/(-3) - (-3 + 0). Let x(v) = 4 + 0*v**2 - 9*v**2 - 4*v + 8*v**2. Give x(o).
-1
Let n(p) = p**2 - 4*p - 8. Let m be n(-2). Suppose -4*j = -m*a - 48, -2*j - 22 + 6 = 3*a. Let u(k) = k**2 + 9*k + 6. Determine u(a).
-2
Suppose -2 - 38 = -8*m. Let z(o) = -3*o**3 - 3*o**2 - 4*o. Let x(v) = -2*v**3 - 2*v**2 - 2*v. Let b(j) = m*x(j) - 3*z(j). Determine b(-3).
12
Let a(w) be the third derivative of -w**5/15 + w**4/12 - w**3/6 - 2*w**2 + 239*w. Give a(1).
-3
Let c(f) = 3*f**3 - 2*f + 1. Let j be -1 - 0 - 2/(-1). Let x be c(j). Let w(r) = -2 - r - r**x + 1 + 2. Determine w(-4).
-11
Suppose 18*z + 164 - 20 = 0. Let n(a) = -2*a + 1 + 0 - 8 - 3. Determine n(z).
6
Let j(n) = n**2 + 4 + 22*n + 18 + 9*n**2. Let p(x) be the second derivative of -x**4/4 - 7*x**3/6 - 7*x**2/2 + 7*x. Let i(f) = -2*j(f) - 7*p(f). What is i(-4)?
1
Let l be 6/2*(-20)/(-15). Let u(z) = -z**3 + 4*z**2 + 2*z - 3. Let y be u(l). Suppose -y*x = -26 + 6. Let o(k) = -k**2 + 4*k - 6. Calculate o(x).
-6
Let z(a) = 4 - 12 - 34*a - 33*a - 34*a + 102*a. Let u(y) = 4*y - 2. Let x be u(2). Calculate z(x).
-2
Let b(w) = 3*w**2 - 9*w + 14. Let k(p) = -8*p**2 + 18*p - 27. Let m(v) = 5*b(v) + 2*k(v). Calculate m(-12).
-20
Let u(a) = -2*a**2 + 6*a + 1. Let t(b) = -3*b**2 + 11*b + 2 - 3*b + 3*b. Let z(d) = -6*t(d) + 11*u(d). What is z(2)?
-17
Let q be 12/(-8) - ((-15)/6 - -3). Let p(h) = -4*h - h**3 + h**2 - 1 + h - 3*h**2. Determine p(q).
5
Let p(o) be the third derivative of -o**5/60 - 5*o**4/12 + 4*o**3/3 + 759*o**2. Give p(-10).
8
Suppose 0 = 3*y - 3*p - 6, -2*y - 4*p + 0*p - 2 = 0. Let h(w) = 16*w + 2. Determine h(y).
18
Let z = -11 + 15. Suppose -4*m + 2 = 4*s - 2, -1 = -m - z*s. Let b(v) be the third derivative of -13*v**6/120 + v**3/6 + 8*v**2. What is b(m)?
-12
Suppose -31 + 19 = -4*p. Let s(o) = -o**2 + 3*o - 7. Determine s(p).
-7
Let g(w) = w**2 - 3*w + 36. Let j be g(0). Let x(u) = j*u**2 - 7*u + 45*u**2 - 82*u**2 + 4. Calculate x(-7).
4
Let k(l) be the third derivative of l**6/120 + 3*l**5/10 + 31*l**4/24 - 7*l**3/2 + 470*l**2. Calculate k(-16).
-5
Suppose 0 = -4*z + 45 - 245. Let p be (3/(-5))/(10/z). Let h(y) = 0*y**2 + 5*y**2 + 1 + 2*y**2 - p*y**2. What is h(1)?
5
Suppose 3*s - 3 = d, -3*s + 4*d = -3 - 0. Let b(r) = 3*r. Calculate b(s).
3
Suppose 3*a + 7 = 4*i, -i - 3 = -4*i. Let v(m) = -4*m**2 - m - 1. Let l be v(a). Let r(x) = -5*x - 1. What is r(l)?
19
Let y(u) be the second derivative of u**4/12 + u**3/2 + 3*u**2 + 2*u + 134. Give y(-2).
4
Let j(s) = s**2 - 5*s - 6. Suppose 9*g + 6 = 12*g. Let q be (20/(-8))/(0 + (-1)/g). Determine j(q).
-6
Let x(u) = u**3 - 4*u**2 - u + 5. Let i(n) = -n**3 + n**2 + n + 4. Suppose 4*f = 2*f. Let w be i(f). Give x(w).
1
Let u(h) = 5*h**3 - 31*h**2 - 11*h - 17. Let x(g) = -2*g**3 + 11*g**2 + 4*g + 6. Let w(k) = 3*u(k) + 8*x(k). What is w(-6)?
39
Let m = 70 - 73. Let l(o) = o. Determine l(m).
-3
Let v(s) = -44*s**2 - 4*s - 2. Let x(y) = -23*y**2 - 2*y - 1. Let r(q) = 3*v(q) - 5*x(q). Suppose -2*m = 3*m + 5. What is r(m)?
-16
Suppose -12 = m - 5*m. Suppose 0 = -m*f - f - 16. Let l(b) = 5 + 3 + 6*b - 2*b - 2. What is l(f)?
-10
Let x(m) = -3*m**3 + 14*m**2 + 5*m - 5. Let t(r) = -5*r**3 + 27*r**2 + 11*r - 9. Let h(y) = 4*t(y) - 7*x(y). Determine h(-9).
-1
Let m(f) be the second derivative of -f**5/20 + f**4/2 - 2*f**3/3 - f**2/2 + 12*f. Suppose -73*s + 78*s - 20 = 0. Give m(s).
15
Let d(x) be the first derivative of 8*x**3/3 - x**2 - 3*x - 694. Calculate d(-2).
33
Suppose 5*a = -4*x + 25, -2*x + 10 = 4*a - 2*a. Let s(h) be the third derivative of h**4/24 + 5*h**3/6 - 5*h**2. Give s(x).
5
Let c be ((-75)/(-12))/5*(19 - 3). Let a(b) = -b**3 + 20*b**2 + 6. Give a(c).
6
Let d(i) = 2*i**3 + 3*i**2 - 4*i - 3. Let j(a) be the third derivative of -a**6/120 - a**5/60 + a**4/24 - a**3/6 - 20*a**2. Let c(q) = -d(q) - j(q). Give c(-3).
4
Let o(c) = 2*c**2 - 2*c - 1. Let j be o(-1). Let n(f) be the third derivative of -f**4/12 + f**3/2 - 749*f**2. Calculate n(j).
-3
Let v(j) = -j**2 - 16*j - 4. Let c be 25*(36/(-54) - (-2)/30). What is v(c)?
11
Let u(x) = x**3 - 5*x**2 - 3*x + 8. Suppose -5 = 3*c - 2, 2*y + 2*c - 8 = 0. What is u(y)?
-7
Let p(b) = -b**3 - 4*b**2 - b + 1. Let w(c) = -4*c**3 - 31*c**2 - 4*c. Let d(a) = -5*p(a) + w(a). Determine d(11).
6
Let h(j) = -7*j + 14. Let y(g) = -g + 3. Let n(w) = 2*h(w) - 10*y(w). Determine n(-3).
10
Let h(x) = x**2 + 6*x - 3. Let q be h(-5). Let p be (-2 + -2)*2/q. Let d = p - 1. Let j(o) = o + 2. Determine j(d).
2
Let p(j) = 8*j - 1. Let y(h) = 62*h - 10. Let z(u) = 8*p(u) - y(u). Give z(-1).
0
Suppose 3*s - 3 = -q, 2*s + s - 5*q = -15. Let o(l) = 3*l - 2. Suppose -4*k - 10 = 6. Let x(v) = 2*v - 3. Let t(p) = k*x(p) + 3*o(p). Determine t(s).
6
Let s = -1 + -5. Let n = -6 - s. Let j(p) be the first derivative of p**4/4 - p**3/3 + p**2/2 - 6*p - 5. What is j(n)?
-6
Let m(t) = -t - 5 + 2*t + 7. Suppose -3*h + 3*z = -6, 23 = 2*h + 2*z - 1. Suppose 8 = -3*b - h. Give m(b).
-3
Let x(y) = 19*y + 19. Let n(q) = -66*q - 63. Let u(m) = -2*n(m) - 7*x(m). Suppose 2*j + 45 = -3*j. Give u(j).
2
Let a(q) = 11*q**2 - 9*q + 7. Let k(m) = -9*m**2 + 8*m - 7. Let i(z) = 5*a(z) + 6*k(z). Give i(5).
33
Let i be (2/(-3))/(2/(-3)). Let p(d) be the second derivative of -1/2*d**2 + 3/5*d**5 + 1/6*d**3 + 0 - 1/12*d**4 + 33*d. What is p(i)?
11
Let l(d) = 12*d - 2*d**2 - 3 + d**2 - 5*d. Suppose 9*w = 23*w - 98. What is l(w)?
-3
Let g(w) = w - 5. Suppose -8*y + 9 = -5*y. Let c(s) = -1. Let u(j) = y*c(j) + g(j). Let t = 9 - 15. Determine u(t).
-14
Let r be 4/6*3/(-2). Let x(b) = -7*b - 1. Let g(j) = -j - 1. Let v(i) = r*x(i) + 6*g(i). Let y be v(2). Let l(c) = -2*c - 4. Determine l(y).
2
Let g(b) = 3*b**2 - 2. Let u be g(-2). Let j(s) = u*s**2 - s**3 + 2*s**3 - 2 - 10*s + 12 + 0. Let r be j(-11). Let q(o) = 12*o**2 + 2*o + 1. Give q(r).
11
Suppose 2*j - 54 = -6. Suppose 20 - j = 2*f. Let z(k) = -4*k**2 + 5*k + 5. Let u(i) = i**2 - i - 1. Let o(b) = 9*u(b) + 2*z(b). Give o(f).
3
Let i(u) = -25*u**2 - 3*u - 1. Let r(v) = -v**3 + 10*v**2 - 27*v + 11. Let a be r(4). Give i(a).
-23
Let y(t) = -t + 1. Let u(l) = 5*l - 5. Let r be u(2). Suppose 0 = r*n - 2*n - 72. Suppose 3*j = -j + n. What is y(j)?
-5
Suppose 0 = -4*s - 3*s + 7. Let x be (-1 + s)*(1 - 0). Let z(o) = -o**2 - o - 5. What is z(x)?
-5
Let b(a) = -7*a - 6. Suppose 0 = t - 3*z + 7, 0*z - 37 = -5*t - 3*z. Give b(t).
-41
Let l(q) = -q**3 - q**2 + 5*q - 3. Let x(h) = -3*h**3 - 2*h**2 + 14*h - 9. Let m(t) = 8*l(t) - 3*x(t). Suppose 72*s = 67*s + 15. What is m(s)?
6
Let g(p) = -5*p**2 - 6*p + 17. Let c(y) = y**2 - 2*y. Let h(m) = -3*c(m) - g(m). Calculate h(-7).
-3
Suppose 9 = w - y, -5*y - 7 = 2*w - 2*y. Suppose 0 = 2*v + w + 8. Let n(r) = -2*r - 2. Calculate n(v).
10
Let y be 22/2 - (13 - 10). Suppose 0 = q - 3 + y. Let t(k) = k. Let x(w) = -8*w + 2. Let f(i) = q*t(i) - x(i). What is f(-2)?
-8
Let b(k) = -2*k + k + 15 - 5 + 2 - 7. Calculate b(0).
5
Suppose 2*u + 3*n + 9 = 0, -u + 3*n - 2 = 2*n. Let y(x) = 1 - x - 5 + 2*x - 4. Let j(r) = 1. Let p(l) = 5*j(l) + y(l). Calculate p(u).
-6
Let b(u) = -u**2 - u - 9. Let c be 0/1*(9/3 + -2). Let k be c*((-2)/6)/(-1 - 0). Determine b(k).
-9
Let d(i) = -11*i**2 + 20*i - 6. Let n(x) = -24*x**2 + 42*x - 13. Let q(j) = -13*d(j) + 6*n(j). Determine q(-8).
0
Let q(v) be the second derivative of v**4/12 - 5*v**3/6 + 1693*v. Let u(s) = s**2 + s + 3. Let b be u(0). What is q(b)?
-6
Let a be 3/(-9 - 0)*-33. Let t(i) = -2 + i + 2 - a. What is t(0)?
-11
Let h(w) be the seco